{"id":593,"date":"2024-02-10T10:10:29","date_gmt":"2024-02-10T09:10:29","guid":{"rendered":"https:\/\/horizons-sante-mentale.com\/?page_id=593"},"modified":"2024-02-25T17:12:44","modified_gmt":"2024-02-25T16:12:44","slug":"593-2","status":"publish","type":"page","link":"https:\/\/horizons-sante-mentale.com\/index.php\/soins-proposes\/593-2\/","title":{"rendered":"Therapie familiale"},"content":{"rendered":"<p>[et_pb_section fb_built=&#8221;1&#8243; _builder_version=&#8221;4.23.1&#8243; _module_preset=&#8221;default&#8221; custom_padding=&#8221;||0px|||&#8221; global_colors_info=&#8221;{}&#8221;][et_pb_row _builder_version=&#8221;4.23.1&#8243; _module_preset=&#8221;default&#8221; custom_margin=&#8221;-65px|auto||auto||&#8221; custom_padding=&#8221;||2px|||&#8221; global_colors_info=&#8221;{}&#8221;][et_pb_column type=&#8221;4_4&#8243; _builder_version=&#8221;4.16&#8243; _module_preset=&#8221;default&#8221; global_colors_info=&#8221;{}&#8221;][et_pb_text _builder_version=&#8221;4.23.1&#8243; _module_preset=&#8221;e598b17a-9229-42f6-b238-019d6094332e&#8221; header_font=&#8221;Outfit|600|||||||&#8221; header_text_color=&#8221;#000000&#8243; header_font_size=&#8221;72px&#8221; header_line_height=&#8221;1.1em&#8221; max_width=&#8221;861px&#8221; custom_margin=&#8221;||0px||false|false&#8221; header_font_size_tablet=&#8221;40px&#8221; header_font_size_phone=&#8221;24px&#8221; header_font_size_last_edited=&#8221;on|phone&#8221; locked=&#8221;off&#8221; global_colors_info=&#8221;{}&#8221;]<\/p>\n<h1>therapie familiale<\/h1>\n<p>[\/et_pb_text][et_pb_divider color=&#8221;rgba(76,89,76,0.3)&#8221; divider_weight=&#8221;10px&#8221; _builder_version=&#8221;4.23.1&#8243; _module_preset=&#8221;a9fcc5b1-74c5-43b4-b776-3e310da5f3e8&#8243; z_index=&#8221;10&#8243; max_width=&#8221;260px&#8221; height=&#8221;10px&#8221; custom_margin=&#8221;-32px||30px||false|false&#8221; custom_margin_tablet=&#8221;-27px||||false|false&#8221; custom_margin_phone=&#8221;-18px||||false|false&#8221; custom_margin_last_edited=&#8221;on|phone&#8221; global_colors_info=&#8221;{}&#8221;][\/et_pb_divider][\/et_pb_column][\/et_pb_row][\/et_pb_section][et_pb_section fb_built=&#8221;1&#8243; _builder_version=&#8221;4.23.1&#8243; _module_preset=&#8221;default&#8221; custom_margin=&#8221;-12px|||||&#8221; custom_padding=&#8221;21px||6px|||&#8221; global_colors_info=&#8221;{}&#8221;][et_pb_row column_structure=&#8221;2_5,3_5&#8243; _builder_version=&#8221;4.23.1&#8243; _module_preset=&#8221;default&#8221; global_colors_info=&#8221;{}&#8221;][et_pb_column type=&#8221;2_5&#8243; _builder_version=&#8221;4.23.1&#8243; _module_preset=&#8221;default&#8221; global_colors_info=&#8221;{}&#8221;][et_pb_image src=&#8221;https:\/\/horizons-sante-mentale.com\/wp-content\/uploads\/2023\/11\/Projet-Redimensionner-une-image-1.jpeg&#8221; title_text=&#8221;Projet Redimensionner une image (1)&#8221; _builder_version=&#8221;4.23.1&#8243; _module_preset=&#8221;default&#8221; custom_margin=&#8221;40px|||||&#8221; global_colors_info=&#8221;{}&#8221;][\/et_pb_image][\/et_pb_column][et_pb_column type=&#8221;3_5&#8243; _builder_version=&#8221;4.23.1&#8243; _module_preset=&#8221;default&#8221; global_colors_info=&#8221;{}&#8221;][et_pb_text _builder_version=&#8221;4.23.1&#8243; _module_preset=&#8221;default&#8221; global_colors_info=&#8221;{}&#8221;]<\/p>\n<p class=\"p1\">La famille est<span class=\"Apple-converted-space\">\u00a0 <\/span>un lieu ressource, protecteur o\u00f9 chacun trouve affection, soutien et \u00e9nergie pour se construire.<\/p>\n<p class=\"p1\">En revanche, la famille peut traverser des \u00ab\u00a0crises\u00a0\u00bb qu\u2019elle n\u2019arrive pas \u00e0 apaiser seule, elle peut devenir alors un lieu de souffrances collectives et\/ou individuelles en lien avec des dysfonctionnements relationnels, communicationnels, comportementaux. (Sentiment d\u2019isolement, d\u2019abandon, d\u00e9pression, rivalit\u00e9s, disputes, violences, v\u00e9cu de bouc \u00e9missaire, chantage affectif, absence de communication, culpabilisation, impossible expression des \u00e9motions,<span class=\"Apple-converted-space\">\u00a0 <\/span>indiff\u00e9renciation, d\u00e9pendance, rapport de force, non-dits, secrets, tabous\u2026.).<\/p>\n<p class=\"p1\">La th\u00e9rapie familiale est un moyen de <b>mettre \u00e0 plat les souffrances familiales<\/b> en donnant \u00e0 chacun l\u2019occasion d\u2019exprimer, en pr\u00e9sence des autres, dans un cadre contenant et s\u00e9cure, son point de vue et ses besoins. Elle permet de <b>r\u00e9v\u00e9ler la ressource pr\u00e9cieuse que chacun repr\u00e9sente pour sa famille<\/b>, et de la restaurer collectivement. Chaque famille a des comp\u00e9tences et des ressources dans son fonctionnement unique.<\/p>\n<p>[\/et_pb_text][\/et_pb_column][\/et_pb_row][et_pb_row _builder_version=&#8221;4.23.1&#8243; _module_preset=&#8221;default&#8221; custom_padding=&#8221;0px|||||&#8221; global_colors_info=&#8221;{}&#8221;][et_pb_column type=&#8221;4_4&#8243; _builder_version=&#8221;4.23.1&#8243; _module_preset=&#8221;default&#8221; global_colors_info=&#8221;{}&#8221;][et_pb_text _builder_version=&#8221;4.23.1&#8243; _module_preset=&#8221;default&#8221; global_colors_info=&#8221;{}&#8221;]<\/p>\n<p><b>Les th\u00e9rapies familiales peuvent s\u2019envisager \u00e0 tout \u00e2ge<\/b>, d\u00e9s l\u2019annonce de la grossesse, ou pour des familles avec de jeunes enfants, avec adolescents, autant que pour des familles avec un parent \u00e2g\u00e9. La pr\u00e9sence ponctuelle des 3 g\u00e9n\u00e9rations (enfants-parents-grands parents) en entretien peut se r\u00e9v\u00e9ler utile.<\/p>\n<p>[\/et_pb_text][\/et_pb_column][\/et_pb_row][et_pb_row column_structure=&#8221;2_3,1_3&#8243; _builder_version=&#8221;4.23.1&#8243; _module_preset=&#8221;default&#8221; global_colors_info=&#8221;{}&#8221;][et_pb_column type=&#8221;2_3&#8243; _builder_version=&#8221;4.23.1&#8243; _module_preset=&#8221;default&#8221; global_colors_info=&#8221;{}&#8221;][et_pb_text _builder_version=&#8221;4.23.1&#8243; _module_preset=&#8221;default&#8221; text_font_size=&#8221;15px&#8221; header_font_size=&#8221;50px&#8221; header_5_font=&#8221;Montserrat||||||||&#8221; header_5_font_size=&#8221;19px&#8221; global_colors_info=&#8221;{}&#8221;]<\/p>\n<h5><strong>Les diff\u00e9rents motifs de consultation<\/strong><\/h5>\n<p>[\/et_pb_text][et_pb_text _builder_version=&#8221;4.23.1&#8243; _module_preset=&#8221;default&#8221; global_colors_info=&#8221;{}&#8221;]<\/p>\n<ul class=\"ul1\">\n<li class=\"li1\">S\u00e9parations des parents<\/li>\n<li class=\"li1\">\u00ab\u00a0Crise\u00a0\u00bb familiale \/\u00a0\u00ab\u00a0crise\u00a0\u00bb d\u2019adolescence\u00a0<\/li>\n<li class=\"li1\">Conflits et violences intra-familiale<\/li>\n<li class=\"li1\">Deuil\u00a0<\/li>\n<li class=\"li1\">Recomposition familiale et<span class=\"Apple-converted-space\">\u00a0 <\/span>place de chacun\u00a0<\/li>\n<li class=\"li1\">Pathologie somatique ou psychiatrique d\u2019un membre de la famille<\/li>\n<li class=\"li1\">\u00c9v\u00e8nements familiaux traumatiques (inceste\/violence sexuelle\/suicide\u2026)<\/li>\n<li class=\"li1\">Addiction comportementale ou \u00e0 un produit d\u2019un ou plusieurs membres de la<span class=\"Apple-converted-space\">\u00a0<\/span>famille (anorexie, boulimie,\u00a0alcoolisme, toxicomanie\u2026)<\/li>\n<\/ul>\n<p>[\/et_pb_text][\/et_pb_column][et_pb_column type=&#8221;1_3&#8243; _builder_version=&#8221;4.23.1&#8243; _module_preset=&#8221;default&#8221; global_colors_info=&#8221;{}&#8221;][et_pb_image src=&#8221;https:\/\/horizons-sante-mentale.com\/wp-content\/uploads\/2024\/02\/family-4937226_640.jpg&#8221; title_text=&#8221;family-4937226_640&#8243; _builder_version=&#8221;4.23.1&#8243; _module_preset=&#8221;default&#8221; custom_padding=&#8221;42px|||||&#8221; global_colors_info=&#8221;{}&#8221;][\/et_pb_image][\/et_pb_column][\/et_pb_row][et_pb_row _builder_version=&#8221;4.23.1&#8243; _module_preset=&#8221;default&#8221; global_colors_info=&#8221;{}&#8221;][et_pb_column type=&#8221;4_4&#8243; _builder_version=&#8221;4.23.1&#8243; _module_preset=&#8221;default&#8221; global_colors_info=&#8221;{}&#8221;][et_pb_text _builder_version=&#8221;4.23.1&#8243; _module_preset=&#8221;default&#8221; text_font=&#8221;|||||on|||&#8221; text_font_size=&#8221;19px&#8221; global_colors_info=&#8221;{}&#8221;]<\/p>\n<p class=\"p1\">Les s\u00e9ances de th\u00e9rapie familiale durent entre 1h et 1h30. Leur fr\u00e9quence est \u00e0 d\u00e9terminer ensemble selon les besoins.<\/p>\n<p>[\/et_pb_text][\/et_pb_column][\/et_pb_row][\/et_pb_section][et_pb_section fb_built=&#8221;1&#8243; specialty=&#8221;on&#8221; _builder_version=&#8221;4.23.1&#8243; _module_preset=&#8221;default&#8221; background_color=&#8221;#000000&#8243; background_image=&#8221;https:\/\/horizons-sante-mentale.com\/wp-content\/uploads\/2024\/02\/Design-sans-titre.jpg&#8221; global_colors_info=&#8221;{}&#8221;][et_pb_column type=&#8221;2_3&#8243; specialty_columns=&#8221;2&#8243; _builder_version=&#8221;4.16&#8243; custom_padding=&#8221;|||&#8221; global_colors_info=&#8221;{}&#8221; custom_padding__hover=&#8221;|||&#8221;][et_pb_row_inner _builder_version=&#8221;4.23.1&#8243; _module_preset=&#8221;default&#8221; custom_margin=&#8221;-26px|||||&#8221; global_colors_info=&#8221;{}&#8221;][et_pb_column_inner saved_specialty_column_type=&#8221;2_3&#8243; _builder_version=&#8221;4.23.1&#8243; _module_preset=&#8221;default&#8221; global_colors_info=&#8221;{}&#8221;][et_pb_text _builder_version=&#8221;4.23.1&#8243; _module_preset=&#8221;e598b17a-9229-42f6-b238-019d6094332e&#8221; header_font=&#8221;Outfit|600|||||||&#8221; header_text_color=&#8221;#000000&#8243; header_font_size=&#8221;42px&#8221; header_line_height=&#8221;1.1em&#8221; max_width=&#8221;861px&#8221; custom_margin=&#8221;-22px||0px||false|false&#8221; custom_padding=&#8221;||28px|||&#8221; header_font_size_tablet=&#8221;40px&#8221; header_font_size_phone=&#8221;24px&#8221; header_font_size_last_edited=&#8221;on|phone&#8221; header_text_shadow_style=&#8221;preset2&#8243; header_text_shadow_color=&#8221;gcid-a13652f3-2793-4cb6-9d99-526eb1549d6a&#8221; locked=&#8221;off&#8221; global_colors_info=&#8221;{%22gcid-a13652f3-2793-4cb6-9d99-526eb1549d6a%22:%91%22header_text_shadow_color%22%93}&#8221;]<\/p>\n<h1>Prendre rdv<\/h1>\n<p>[\/et_pb_text][et_pb_blurb title=&#8221;Remplir le Formulaire suivant&#8221; image=&#8221;https:\/\/horizons-sante-mentale.com\/wp-content\/uploads\/2023\/11\/1.png&#8221; icon_placement=&#8221;left&#8221; image_icon_width=&#8221;64px&#8221; content_max_width=&#8221;1100px&#8221; _builder_version=&#8221;4.23.1&#8243; header_font=&#8221;Rubik|700|||||||&#8221; header_text_color=&#8221;#2a2a2a&#8221; header_line_height=&#8221;1.4em&#8221; body_font=&#8221;||||||||&#8221; body_text_color=&#8221;rgba(0,0,0,0.76)&#8221; body_font_size=&#8221;15px&#8221; background_layout=&#8221;dark&#8221; custom_margin=&#8221;|||&#8221; custom_padding=&#8221;|||&#8221; animation_style=&#8221;slide&#8221; animation_direction=&#8221;right&#8221; animation_intensity_slide=&#8221;10%&#8221; animation=&#8221;off&#8221; image_max_width=&#8221;64px&#8221; global_colors_info=&#8221;{}&#8221;]<\/p>\n<p>Commencez par compl\u00e9ter le formulaire de demande de rendez-vous. Assurez-vous de renseigner toutes les informations requises avec pr\u00e9cision pour nous permettre de comprendre au mieux votre situation et vos besoins.<\/p>\n<p>[\/et_pb_blurb][et_pb_button button_url=&#8221;https:\/\/drive.google.com\/file\/d\/10svjLHPM_8y3A0OG_k5QZEj9w4k3DnB-\/view?usp=drive_link&#8221; button_text=&#8221;t\u00e9l\u00e9charger le formulaire&#8221; button_alignment=&#8221;center&#8221; _builder_version=&#8221;4.23.1&#8243; custom_button=&#8221;on&#8221; button_text_size=&#8221;15px&#8221; button_text_color=&#8221;#3493E5&#8243; button_bg_color=&#8221;#FFFFFF&#8221; button_border_width=&#8221;2px&#8221; button_border_color=&#8221;#3493E5&#8243; button_border_radius=&#8221;100px&#8221; button_letter_spacing=&#8221;2px&#8221; button_font=&#8221;Montserrat|700||on|||||&#8221; custom_margin=&#8221;|||0px|false|false&#8221; custom_padding=&#8221;6px|25px|6px|25px|true|true&#8221; box_shadow_style=&#8221;preset4&#8243; box_shadow_horizontal=&#8221;4px&#8221; box_shadow_vertical=&#8221;5px&#8221; box_shadow_blur=&#8221;4px&#8221; box_shadow_color=&#8221;#C4D6E6&#8243; button_letter_spacing_hover=&#8221;2px&#8221; global_colors_info=&#8221;{}&#8221; button_text_size__hover_enabled=&#8221;off&#8221; button_one_text_size__hover_enabled=&#8221;off&#8221; button_two_text_size__hover_enabled=&#8221;off&#8221; button_text_color__hover_enabled=&#8221;off&#8221; button_one_text_color__hover_enabled=&#8221;off&#8221; button_two_text_color__hover_enabled=&#8221;off&#8221; button_border_width__hover_enabled=&#8221;off&#8221; button_one_border_width__hover_enabled=&#8221;off&#8221; button_two_border_width__hover_enabled=&#8221;off&#8221; button_border_color__hover_enabled=&#8221;off&#8221; button_one_border_color__hover_enabled=&#8221;off&#8221; button_two_border_color__hover_enabled=&#8221;off&#8221; button_border_radius__hover_enabled=&#8221;off&#8221; button_one_border_radius__hover_enabled=&#8221;off&#8221; button_two_border_radius__hover_enabled=&#8221;off&#8221; button_letter_spacing__hover_enabled=&#8221;on&#8221; button_letter_spacing__hover=&#8221;2px&#8221; button_one_letter_spacing__hover_enabled=&#8221;off&#8221; button_two_letter_spacing__hover_enabled=&#8221;off&#8221; button_bg_color__hover_enabled=&#8221;off&#8221; button_one_bg_color__hover_enabled=&#8221;off&#8221; button_two_bg_color__hover_enabled=&#8221;off&#8221;][\/et_pb_button][et_pb_blurb title=&#8221;Nous r\u00e9adresser le formulaire par email&#8221; image=&#8221;https:\/\/horizons-sante-mentale.com\/wp-content\/uploads\/2023\/11\/2.png&#8221; icon_placement=&#8221;left&#8221; image_icon_width=&#8221;64px&#8221; content_max_width=&#8221;1100px&#8221; _builder_version=&#8221;4.23.1&#8243; header_font=&#8221;Rubik|700|||||||&#8221; header_text_color=&#8221;#2a2a2a&#8221; header_line_height=&#8221;1.4em&#8221; body_font=&#8221;||||||||&#8221; body_text_color=&#8221;rgba(0,0,0,0.76)&#8221; body_font_size=&#8221;15px&#8221; background_layout=&#8221;dark&#8221; custom_margin=&#8221;29px|||||&#8221; custom_padding=&#8221;|||&#8221; animation_style=&#8221;slide&#8221; animation_direction=&#8221;right&#8221; animation_intensity_slide=&#8221;10%&#8221; animation=&#8221;off&#8221; image_max_width=&#8221;64px&#8221; global_colors_info=&#8221;{}&#8221;]<\/p>\n<p>Veuillez transmettre le formulaire compl\u00e9t\u00e9 aux adresses \u00e9lectronique suivantes<br \/><strong><a href=\"mailto:delphine.cezarine@horizons-sante.fr\">delphine.cezarine@horizons-sante.fr<\/a> et <a href=\"mailto:secretariat@horizons-sante.fr\">secretariat@horizons-sante.fr<\/a><\/strong><\/p>\n<p><strong><\/strong><\/p>\n<p>[\/et_pb_blurb][et_pb_blurb image=&#8221;https:\/\/horizons-sante-mentale.com\/wp-content\/uploads\/2023\/11\/3.png&#8221; icon_placement=&#8221;left&#8221; image_icon_width=&#8221;64px&#8221; content_max_width=&#8221;1100px&#8221; content_max_width_tablet=&#8221;1100px&#8221; content_max_width_last_edited=&#8221;off|desktop&#8221; _builder_version=&#8221;4.23.1&#8243; header_font=&#8221;Rubik|700|||||||&#8221; header_text_color=&#8221;#2a2a2a&#8221; header_line_height=&#8221;1.4em&#8221; body_font=&#8221;||||||||&#8221; body_font_size=&#8221;15px&#8221; background_layout=&#8221;dark&#8221; custom_margin=&#8221;29px|||||&#8221; custom_padding=&#8221;|||&#8221; animation_style=&#8221;slide&#8221; animation_direction=&#8221;right&#8221; animation_intensity_slide=&#8221;10%&#8221; animation=&#8221;off&#8221; image_max_width=&#8221;64px&#8221; global_colors_info=&#8221;{}&#8221;]<\/p>\n<p><span style=\"color: #000000;\">Une fois ces \u00e9tapes compl\u00e9t\u00e9es, Mme Charlotte Lievy, assistante m\u00e9dicale, ou Mmme Delphine C\u00e9zarine, th\u00e9rapeute familiale, reviendra vers vous<br \/>dans les plus brefs d\u00e9lais pour vous proposer un rendez-vous.<\/span><\/p>\n<p>[\/et_pb_blurb][\/et_pb_column_inner][\/et_pb_row_inner][\/et_pb_column][et_pb_column type=&#8221;1_3&#8243; _builder_version=&#8221;4.16&#8243; custom_padding=&#8221;|||&#8221; global_colors_info=&#8221;{}&#8221; custom_padding__hover=&#8221;|||&#8221;][\/et_pb_column][\/et_pb_section]<\/p>\n","protected":false},"excerpt":{"rendered":"<p>therapie familialeLa famille est\u00a0 un lieu ressource, protecteur o\u00f9 chacun trouve affection, soutien et \u00e9nergie pour se construire. En revanche, la famille peut traverser des \u00ab\u00a0crises\u00a0\u00bb qu\u2019elle n\u2019arrive pas \u00e0 apaiser seule, elle peut devenir alors un lieu de souffrances collectives et\/ou individuelles en lien avec des dysfonctionnements relationnels, communicationnels, comportementaux. (Sentiment d\u2019isolement, d\u2019abandon, d\u00e9pression, [&hellip;]<\/p>\n","protected":false},"author":1,"featured_media":0,"parent":52,"menu_order":0,"comment_status":"closed","ping_status":"closed","template":"","meta":{"_et_pb_use_builder":"on","_et_pb_old_content":"","_et_gb_content_width":"","footnotes":""},"class_list":["post-593","page","type-page","status-publish","hentry"],"_links":{"self":[{"href":"https:\/\/horizons-sante-mentale.com\/index.php\/wp-json\/wp\/v2\/pages\/593","targetHints":{"allow":["GET"]}}],"collection":[{"href":"https:\/\/horizons-sante-mentale.com\/index.php\/wp-json\/wp\/v2\/pages"}],"about":[{"href":"https:\/\/horizons-sante-mentale.com\/index.php\/wp-json\/wp\/v2\/types\/page"}],"author":[{"embeddable":true,"href":"https:\/\/horizons-sante-mentale.com\/index.php\/wp-json\/wp\/v2\/users\/1"}],"replies":[{"embeddable":true,"href":"https:\/\/horizons-sante-mentale.com\/index.php\/wp-json\/wp\/v2\/comments?post=593"}],"version-history":[{"count":10,"href":"https:\/\/horizons-sante-mentale.com\/index.php\/wp-json\/wp\/v2\/pages\/593\/revisions"}],"predecessor-version":[{"id":648,"href":"https:\/\/horizons-sante-mentale.com\/index.php\/wp-json\/wp\/v2\/pages\/593\/revisions\/648"}],"up":[{"embeddable":true,"href":"https:\/\/horizons-sante-mentale.com\/index.php\/wp-json\/wp\/v2\/pages\/52"}],"wp:attachment":[{"href":"https:\/\/horizons-sante-mentale.com\/index.php\/wp-json\/wp\/v2\/media?parent=593"}],"curies":[{"name":"wp","href":"https:\/\/api.w.org\/{rel}","templated":true}]}}