{"id":58,"date":"2023-11-09T19:50:34","date_gmt":"2023-11-09T18:50:34","guid":{"rendered":"http:\/\/horizons-sante-mentale.com\/?page_id=58"},"modified":"2024-02-25T16:21:46","modified_gmt":"2024-02-25T15:21:46","slug":"tarif","status":"publish","type":"page","link":"https:\/\/horizons-sante-mentale.com\/index.php\/tarif\/","title":{"rendered":"Tarif"},"content":{"rendered":"<p>[et_pb_section fb_built=&#8221;1&#8243; admin_label=&#8221;Services&#8221; _builder_version=&#8221;4.23.1&#8243; _module_preset=&#8221;default&#8221; custom_margin=&#8221;0px||0px||true|false&#8221; custom_padding=&#8221;0px||0px||false|false&#8221; global_colors_info=&#8221;{}&#8221;][et_pb_row _builder_version=&#8221;4.23.1&#8243; _module_preset=&#8221;default&#8221; global_colors_info=&#8221;{}&#8221;][et_pb_column type=&#8221;4_4&#8243; _builder_version=&#8221;4.16&#8243; _module_preset=&#8221;default&#8221; global_colors_info=&#8221;{}&#8221;][et_pb_text _builder_version=&#8221;4.23.1&#8243; _module_preset=&#8221;e598b17a-9229-42f6-b238-019d6094332e&#8221; header_font=&#8221;Outfit|600|||||||&#8221; header_text_color=&#8221;#000000&#8243; header_font_size=&#8221;72px&#8221; header_line_height=&#8221;1.1em&#8221; max_width=&#8221;800px&#8221; custom_margin=&#8221;||0px||false|false&#8221; header_font_size_tablet=&#8221;40px&#8221; header_font_size_phone=&#8221;24px&#8221; header_font_size_last_edited=&#8221;on|phone&#8221; locked=&#8221;off&#8221; global_colors_info=&#8221;{}&#8221;]<\/p>\n<h1>tarifS<\/h1>\n<p>[\/et_pb_text][et_pb_divider color=&#8221;rgba(76,89,76,0.3)&#8221; divider_weight=&#8221;10px&#8221; _builder_version=&#8221;4.23.1&#8243; _module_preset=&#8221;a9fcc5b1-74c5-43b4-b776-3e310da5f3e8&#8243; z_index=&#8221;10&#8243; max_width=&#8221;170px&#8221; height=&#8221;10px&#8221; custom_margin=&#8221;-32px||30px||false|false&#8221; custom_margin_tablet=&#8221;-27px||||false|false&#8221; custom_margin_phone=&#8221;-18px||||false|false&#8221; custom_margin_last_edited=&#8221;on|phone&#8221; global_colors_info=&#8221;{}&#8221;][\/et_pb_divider][\/et_pb_column][\/et_pb_row][\/et_pb_section][et_pb_section fb_built=&#8221;1&#8243; _builder_version=&#8221;4.23.1&#8243; _module_preset=&#8221;default&#8221; global_colors_info=&#8221;{}&#8221; custom_padding=&#8221;4px|||||&#8221;][et_pb_row column_structure=&#8221;1_3,1_3,1_3&#8243; _builder_version=&#8221;4.23.1&#8243; _module_preset=&#8221;default&#8221; global_colors_info=&#8221;{}&#8221; theme_builder_area=&#8221;post_content&#8221;][et_pb_column type=&#8221;1_3&#8243; _builder_version=&#8221;4.23.1&#8243; _module_preset=&#8221;default&#8221; global_colors_info=&#8221;{}&#8221; theme_builder_area=&#8221;post_content&#8221;][et_pb_pricing_tables featured_table_background_color=&#8221;#FFFFFF&#8221; featured_table_header_background_color=&#8221;#466560&#8243; header_background_color=&#8221;#C7DEC4&#8243; show_bullet=&#8221;off&#8221; featured_table_bullet_color=&#8221;RGBA(255,255,255,0)&#8221; featured_table_price_color=&#8221;#dae3e2&#8243; _builder_version=&#8221;4.23.1&#8243; _module_preset=&#8221;default&#8221; price_text_color=&#8221;#C7DEC4&#8243; header_font=&#8221;|600||on|||||&#8221; header_text_align=&#8221;center&#8221; header_font_size=&#8221;28px&#8221; background_color=&#8221;#FFFFFF&#8221; custom_margin=&#8221;0px||0px||false|false&#8221; custom_padding=&#8221;0px||||false|false&#8221; header_text_shadow_style=&#8221;preset1&#8243; price_text_shadow_style=&#8221;preset1&#8243; price_text_shadow_color=&#8221;#C7DEC4&#8243; border_radii=&#8221;on|15px|15px|15px|15px&#8221; border_color_all=&#8221;#C7DEC4&#8243; global_colors_info=&#8221;{%22gcid-803cbec3-ce51-4865-83f1-75b1ba8d83fc%22:%91%22featured_table_price_color%22%93}&#8221; price_text_color__hover_enabled=&#8221;on|desktop&#8221; theme_builder_area=&#8221;post_content&#8221; price_text_color__hover=&#8221;#C7DEC4&#8243;][et_pb_pricing_table title=&#8221;Th\u00e9rapie familiale&#8221; per=&#8221;consultation&#8221; sum=&#8221;120\u20ac&#8221; _builder_version=&#8221;4.23.1&#8243; _module_preset=&#8221;default&#8221; price_text_color=&#8221;#3493E5&#8243; header_font=&#8221;Rubik|600||on|||||&#8221; header_text_color=&#8221;#FFFFFF&#8221; price_font_size=&#8221;49px&#8221; custom_padding=&#8221;15px||7px||false|false&#8221; price_font_size_last_edited=&#8221;off|desktop&#8221; border_color_all=&#8221;#C4D6E6&#8243; border_color_all_price=&#8221;#FFFFFF&#8221; global_colors_info=&#8221;{}&#8221; sticky_transition=&#8221;on&#8221; theme_builder_area=&#8221;post_content&#8221;]<\/p>\n<p><span style=\"font-size: 14px;\">Les consultations ne sont pas rembours\u00e9es par la s\u00e9curit\u00e9 sociale<\/span><span class=\"s1\" style=\"font-size: 14px;\">.<\/span><\/p>\n<p>[\/et_pb_pricing_table][\/et_pb_pricing_tables][\/et_pb_column][et_pb_column type=&#8221;1_3&#8243; _builder_version=&#8221;4.23.1&#8243; _module_preset=&#8221;default&#8221; global_colors_info=&#8221;{}&#8221; theme_builder_area=&#8221;post_content&#8221;][et_pb_pricing_tables featured_table_background_color=&#8221;#FFFFFF&#8221; featured_table_header_background_color=&#8221;#466560&#8243; header_background_color=&#8221;#3493E5&#8243; featured_table_bullet_color=&#8221;#466560&#8243; bullet_color=&#8221;#C7DEC4&#8243; _builder_version=&#8221;4.23.1&#8243; _module_preset=&#8221;default&#8221; price_text_color=&#8221;#466560&#8243; header_font=&#8221;|600||on|||||&#8221; header_text_align=&#8221;center&#8221; header_font_size=&#8221;28px&#8221; price_font_size=&#8221;71px&#8221; background_color=&#8221;#FFFFFF&#8221; custom_margin=&#8221;0px||0px||false|false&#8221; custom_padding=&#8221;0px||||false|false&#8221; header_text_shadow_style=&#8221;preset1&#8243; price_text_shadow_style=&#8221;preset1&#8243; border_radii=&#8221;on|15px|15px|15px|15px&#8221; border_color_all=&#8221;#C7DEC4&#8243; global_colors_info=&#8221;{}&#8221; theme_builder_area=&#8221;post_content&#8221;][et_pb_pricing_table title=&#8221; Consultation m\u00e9dicale &#8221; per=&#8221;consultation&#8221; sum=&#8221;120\u20ac&#8221; _builder_version=&#8221;4.23.1&#8243; _module_preset=&#8221;default&#8221; price_text_color=&#8221;#3493E5&#8243; header_font=&#8221;Rubik|600||on|||||&#8221; header_text_color=&#8221;#FFFFFF&#8221; price_font_size=&#8221;49px&#8221; custom_padding=&#8221;15px||7px||false|false&#8221; price_font_size_last_edited=&#8221;off|desktop&#8221; border_color_all=&#8221;#C4D6E6&#8243; border_color_all_price=&#8221;#FFFFFF&#8221; global_colors_info=&#8221;{}&#8221; sticky_transition=&#8221;on&#8221; theme_builder_area=&#8221;post_content&#8221;]<\/p>\n<p>La S\u00e9curit\u00e9 Sociale prend en charge une partie de ce montant (de 42 euros \u00e0 85 euros selon la nature, la complexit\u00e9 et la sp\u00e9cificit\u00e9 de la consultation).<\/p>\n<p>Une prise en charge compl\u00e9mentaire peut \u00eatre assur\u00e9e par votre mutuelle ou votre compl\u00e9mentaire sant\u00e9, nous vous invitons \u00e0 la contacter pour plus de renseignements.<\/p>\n<p>[\/et_pb_pricing_table][\/et_pb_pricing_tables][\/et_pb_column][et_pb_column type=&#8221;1_3&#8243; _builder_version=&#8221;4.23.1&#8243; _module_preset=&#8221;default&#8221; global_colors_info=&#8221;{}&#8221; theme_builder_area=&#8221;post_content&#8221;][et_pb_pricing_tables featured_table_background_color=&#8221;#FFFFFF&#8221; featured_table_header_background_color=&#8221;#466560&#8243; header_background_color=&#8221;#C7DEC4&#8243; show_bullet=&#8221;off&#8221; featured_table_bullet_color=&#8221;RGBA(255,255,255,0)&#8221; featured_table_price_color=&#8221;#dae3e2&#8243; _builder_version=&#8221;4.23.1&#8243; _module_preset=&#8221;default&#8221; price_text_color=&#8221;#C7DEC4&#8243; header_font=&#8221;|600||on|||||&#8221; header_text_align=&#8221;center&#8221; header_font_size=&#8221;28px&#8221; background_color=&#8221;#FFFFFF&#8221; custom_margin=&#8221;0px||0px||false|false&#8221; custom_padding=&#8221;0px||||false|false&#8221; header_text_shadow_style=&#8221;preset1&#8243; price_text_shadow_style=&#8221;preset1&#8243; price_text_shadow_color=&#8221;#C7DEC4&#8243; border_radii=&#8221;on|15px|15px|15px|15px&#8221; border_color_all=&#8221;#C7DEC4&#8243; global_colors_info=&#8221;{%22gcid-803cbec3-ce51-4865-83f1-75b1ba8d83fc%22:%91%22featured_table_price_color%22%93}&#8221; price_text_color__hover_enabled=&#8221;on|desktop&#8221; theme_builder_area=&#8221;post_content&#8221; price_text_color__hover=&#8221;#C7DEC4&#8243;][et_pb_pricing_table title=&#8221;Th\u00e9rapie de couple&#8221; per=&#8221;consultation&#8221; sum=&#8221;120\u20ac&#8221; _builder_version=&#8221;4.23.1&#8243; _module_preset=&#8221;default&#8221; price_text_color=&#8221;#3493E5&#8243; header_font=&#8221;Rubik|600||on|||||&#8221; header_text_color=&#8221;#FFFFFF&#8221; price_font_size=&#8221;49px&#8221; custom_padding=&#8221;15px||7px||false|false&#8221; price_font_size_last_edited=&#8221;off|desktop&#8221; border_color_all=&#8221;#C4D6E6&#8243; border_color_all_price=&#8221;#FFFFFF&#8221; global_colors_info=&#8221;{}&#8221; sticky_transition=&#8221;on&#8221; theme_builder_area=&#8221;post_content&#8221;]<\/p>\n<p><span style=\"font-size: 14px;\">Les consultations ne sont pas rembours\u00e9es par la s\u00e9curit\u00e9 sociale<\/span><span class=\"s1\" style=\"font-size: 14px;\">.<\/span><\/p>\n<p>[\/et_pb_pricing_table][\/et_pb_pricing_tables][\/et_pb_column][\/et_pb_row][\/et_pb_section]<\/p>\n","protected":false},"excerpt":{"rendered":"<p>tarifSLes consultations ne sont pas rembours\u00e9es par la s\u00e9curit\u00e9 sociale.La S\u00e9curit\u00e9 Sociale prend en charge une partie de ce montant (de 42 euros \u00e0 85 euros selon la nature, la complexit\u00e9 et la sp\u00e9cificit\u00e9 de la consultation). Une prise en charge compl\u00e9mentaire peut \u00eatre assur\u00e9e par votre mutuelle ou votre compl\u00e9mentaire sant\u00e9, nous vous invitons [&hellip;]<\/p>\n","protected":false},"author":1,"featured_media":0,"parent":0,"menu_order":0,"comment_status":"closed","ping_status":"closed","template":"","meta":{"_et_pb_use_builder":"on","_et_pb_old_content":"<!-- wp:divi\/placeholder \/-->","_et_gb_content_width":"","footnotes":""},"class_list":["post-58","page","type-page","status-publish","hentry"],"_links":{"self":[{"href":"https:\/\/horizons-sante-mentale.com\/index.php\/wp-json\/wp\/v2\/pages\/58","targetHints":{"allow":["GET"]}}],"collection":[{"href":"https:\/\/horizons-sante-mentale.com\/index.php\/wp-json\/wp\/v2\/pages"}],"about":[{"href":"https:\/\/horizons-sante-mentale.com\/index.php\/wp-json\/wp\/v2\/types\/page"}],"author":[{"embeddable":true,"href":"https:\/\/horizons-sante-mentale.com\/index.php\/wp-json\/wp\/v2\/users\/1"}],"replies":[{"embeddable":true,"href":"https:\/\/horizons-sante-mentale.com\/index.php\/wp-json\/wp\/v2\/comments?post=58"}],"version-history":[{"count":14,"href":"https:\/\/horizons-sante-mentale.com\/index.php\/wp-json\/wp\/v2\/pages\/58\/revisions"}],"predecessor-version":[{"id":626,"href":"https:\/\/horizons-sante-mentale.com\/index.php\/wp-json\/wp\/v2\/pages\/58\/revisions\/626"}],"wp:attachment":[{"href":"https:\/\/horizons-sante-mentale.com\/index.php\/wp-json\/wp\/v2\/media?parent=58"}],"curies":[{"name":"wp","href":"https:\/\/api.w.org\/{rel}","templated":true}]}}